{"id":9912,"date":"2024-12-09T12:22:25","date_gmt":"2024-12-09T15:22:25","guid":{"rendered":"https:\/\/tododescuento.cl\/?post_type=product&#038;p=9912"},"modified":"2025-11-26T11:23:37","modified_gmt":"2025-11-26T14:23:37","slug":"juego-simulador-transbordador-space-craf","status":"publish","type":"product","link":"https:\/\/tododescuento.cl\/web\/producto\/juego-simulador-transbordador-space-craf\/","title":{"rendered":"Juego Simulador Transbordador Space Craf"},"content":{"rendered":"<p><span class=\"a-list-item\">El juguete de simulador espacial de montaje interestelar trae las maravillas del espacio a la sala de juegos. Los ni\u00f1os pueden jugar de rol visitando planetas distantes, fomentando la curiosidad y el amor por la ciencia.<\/span><\/p>\n<p><span class=\"a-list-item\">Experiencia de construcci\u00f3n interactiva: con sus instrucciones f\u00e1ciles de seguir, los ni\u00f1os pueden montar el cohete ellos mismos, promoviendo el pensamiento cr\u00edtico, las habilidades de resoluci\u00f3n de problemas y la coordinaci\u00f3n mano-ojo.<\/span><\/p>\n<p><span class=\"a-list-item\">Dise\u00f1ado para replicar un cohete real, este juguete cuenta con detalles aut\u00e9nticos como refuerzos, etapas desmontables, un m\u00f3dulo de comando, as\u00ed como luces y sonidos interactivos.<\/span><\/p>\n<p><span class=\"a-list-item\">Este juguete se puede utilizar como una introducci\u00f3n a los conceptos b\u00e1sicos de f\u00edsica, ingenier\u00eda y exploraci\u00f3n espacial. El juego puede ayudar a que el aprendizaje sea agradable y fomenta la pasi\u00f3n por las materias STEM.<\/span><\/p>\n<p><span class=\"a-list-item\">Este juguete est\u00e1 fabricado con materiales de alta calidad para garantizar la durabilidad y longevidad. Se somete a estrictas pruebas de seguridad, asegurando que cumple con los m\u00e1s altos est\u00e1ndares de seguridad infantil.<\/span><\/p>\n<p>&nbsp;<\/p>\n","protected":false},"excerpt":{"rendered":"<p>Fomenta el juego imaginativo y la narraci\u00f3n de historias. A tu hijo le encantar\u00e1 preparar su equipaje con tem\u00e1tica espacial.<\/p>\n","protected":false},"featured_media":9913,"comment_status":"open","ping_status":"closed","template":"","meta":[],"product_brand":[],"product_cat":[295,294,561],"product_tag":[720,689,719,721],"class_list":{"0":"post-9912","1":"product","2":"type-product","3":"status-publish","4":"has-post-thumbnail","6":"product_cat-juguetes-didacticos","7":"product_cat-ninos","8":"product_cat-tododescuento","9":"product_tag-juguete","10":"product_tag-nino","11":"product_tag-simulador","12":"product_tag-space","14":"first","15":"instock","16":"sale","17":"shipping-taxable","18":"purchasable","19":"product-type-simple"},"_links":{"self":[{"href":"https:\/\/tododescuento.cl\/web\/wp-json\/wp\/v2\/product\/9912","targetHints":{"allow":["GET"]}}],"collection":[{"href":"https:\/\/tododescuento.cl\/web\/wp-json\/wp\/v2\/product"}],"about":[{"href":"https:\/\/tododescuento.cl\/web\/wp-json\/wp\/v2\/types\/product"}],"replies":[{"embeddable":true,"href":"https:\/\/tododescuento.cl\/web\/wp-json\/wp\/v2\/comments?post=9912"}],"wp:featuredmedia":[{"embeddable":true,"href":"https:\/\/tododescuento.cl\/web\/wp-json\/wp\/v2\/media\/9913"}],"wp:attachment":[{"href":"https:\/\/tododescuento.cl\/web\/wp-json\/wp\/v2\/media?parent=9912"}],"wp:term":[{"taxonomy":"product_brand","embeddable":true,"href":"https:\/\/tododescuento.cl\/web\/wp-json\/wp\/v2\/product_brand?post=9912"},{"taxonomy":"product_cat","embeddable":true,"href":"https:\/\/tododescuento.cl\/web\/wp-json\/wp\/v2\/product_cat?post=9912"},{"taxonomy":"product_tag","embeddable":true,"href":"https:\/\/tododescuento.cl\/web\/wp-json\/wp\/v2\/product_tag?post=9912"}],"curies":[{"name":"wp","href":"https:\/\/api.w.org\/{rel}","templated":true}]}}