{"id":9882,"date":"2024-12-04T18:32:36","date_gmt":"2024-12-04T21:32:36","guid":{"rendered":"https:\/\/tododescuento.cl\/?post_type=product&#038;p=9882"},"modified":"2025-12-09T13:55:37","modified_gmt":"2025-12-09T16:55:37","slug":"juego-de-maquillaje-tocador-vanity-dresser","status":"publish","type":"product","link":"https:\/\/tododescuento.cl\/web\/producto\/juego-de-maquillaje-tocador-vanity-dresser\/","title":{"rendered":"Juego de Maquillaje Tocador Vanity Dresser"},"content":{"rendered":"<p><span class=\"a-list-item\">Espejo con luz LED, m\u00fasica y lavabo: este tocador para ni\u00f1os peque\u00f1os con tem\u00e1tica de mesa de maquillaje, escena de simulaci\u00f3n real, con lavabo y art\u00edculos de tocador, una l\u00ednea completa de art\u00edculos de maquillaje, varios modos, incluyendo iluminaci\u00f3n, satisface completamente la curiosidad de cada ni\u00f1a y los sue\u00f1os de princesa. <\/span><\/p>\n<p><span class=\"a-list-item\">Juego de tocador perfecto para ni\u00f1as de 3, 4, 5 a\u00f1os.<\/span><\/p>\n<p><span class=\"a-list-item\">Para ni\u00f1as que quieren imitar el maquillaje, contiene un gran espejo de tocador con luz LED con m\u00fasica, 3 anillos, 2 esmaltes de u\u00f1as, 2 pulseras de perlas, 1 collar, l\u00e1piz labial y brillo de labios, 1 diadema, 1 palo para el cabello, 1 peine y 1 secadora para crear una brisa.<\/span><\/p>\n<p><span class=\"a-list-item\">Este juego de aparador mide aproximadamente 56 cm de largo x 30 cm de ancho x 72 cm de alto. Utilizando material ABS de alta calidad, borde liso, espejo anti-roturas 100% seguro, estable y antideslizante, juega en todas partes<\/span><\/p>\n<p><span class=\"a-list-item\">Desarrolla su imaginaci\u00f3n, coordinaci\u00f3n ojo-mano, confianza y sentido de la belleza. \u00a1Aprende mientras juegas!<\/span><\/p>\n<p><span class=\"a-list-item\">El tocador para ni\u00f1as es perfecto para juegos de rol de simulaci\u00f3n de ni\u00f1os, fiestas de disfraces y cualquier actividad en interiores. Bonita caja de regalo hace que sea un regalo excepcional para ni\u00f1as peque\u00f1as. Gran opci\u00f3n para regalos de cumplea\u00f1os, regalos de Navidad, Pascua, Acci\u00f3n de Gracias o regalos para cualquier otra ocasi\u00f3n.<\/span><\/p>\n<p>&nbsp;<\/p>\n<p>PRODUCTO NO INCLUYE SILLA (SE VENDE POR SEPARADO)<\/p>\n","protected":false},"excerpt":{"rendered":"<p><span class=\"a-list-item\">Tu peque\u00f1a princesa puede sentarse en su propio tocador, mirarse en el espejo, fingir maquillarse y cepillarse el cabello.<\/span><\/p>\n","protected":false},"featured_media":10455,"comment_status":"open","ping_status":"closed","template":"","meta":[],"product_brand":[],"product_cat":[295,294],"product_tag":[715,333,689,714],"class_list":{"0":"post-9882","1":"product","2":"type-product","3":"status-publish","4":"has-post-thumbnail","6":"product_cat-juguetes-didacticos","7":"product_cat-ninos","8":"product_tag-belleza","9":"product_tag-maquillaje","10":"product_tag-nino","11":"product_tag-tocador","13":"first","14":"instock","15":"sale","16":"shipping-taxable","17":"purchasable","18":"product-type-simple"},"_links":{"self":[{"href":"https:\/\/tododescuento.cl\/web\/wp-json\/wp\/v2\/product\/9882","targetHints":{"allow":["GET"]}}],"collection":[{"href":"https:\/\/tododescuento.cl\/web\/wp-json\/wp\/v2\/product"}],"about":[{"href":"https:\/\/tododescuento.cl\/web\/wp-json\/wp\/v2\/types\/product"}],"replies":[{"embeddable":true,"href":"https:\/\/tododescuento.cl\/web\/wp-json\/wp\/v2\/comments?post=9882"}],"wp:featuredmedia":[{"embeddable":true,"href":"https:\/\/tododescuento.cl\/web\/wp-json\/wp\/v2\/media\/10455"}],"wp:attachment":[{"href":"https:\/\/tododescuento.cl\/web\/wp-json\/wp\/v2\/media?parent=9882"}],"wp:term":[{"taxonomy":"product_brand","embeddable":true,"href":"https:\/\/tododescuento.cl\/web\/wp-json\/wp\/v2\/product_brand?post=9882"},{"taxonomy":"product_cat","embeddable":true,"href":"https:\/\/tododescuento.cl\/web\/wp-json\/wp\/v2\/product_cat?post=9882"},{"taxonomy":"product_tag","embeddable":true,"href":"https:\/\/tododescuento.cl\/web\/wp-json\/wp\/v2\/product_tag?post=9882"}],"curies":[{"name":"wp","href":"https:\/\/api.w.org\/{rel}","templated":true}]}}