{"id":9785,"date":"2024-11-26T14:53:13","date_gmt":"2024-11-26T17:53:13","guid":{"rendered":"https:\/\/tododescuento.cl\/?post_type=product&#038;p=9785"},"modified":"2024-11-26T15:11:38","modified_gmt":"2024-11-26T18:11:38","slug":"pack-4-sillas-milan-negras","status":"publish","type":"product","link":"https:\/\/tododescuento.cl\/web\/producto\/pack-4-sillas-milan-negras\/","title":{"rendered":"Pack 4 Sillas Mil\u00e1n- Negras"},"content":{"rendered":"<p>La Silla Mil\u00e1n est\u00e1 inspirada en algunos iconos del interiorismo que, con el paso del tiempo, se ha convertido en una pieza emblem\u00e1tica dentro del estilo N\u00f3rdic .<\/p>\n<p>Es un asiento sencillo, pr\u00e1ctico y muy ergon\u00f3mico , que se adapta perfectamente a tu cuerpo. El respaldo, fabricado en pl\u00e1stico polipropileno , un material vers\u00e1til y tenaz. Sus patas, hechas de madera de haya, son muy robustas y resistentes , llegando a soportar hasta 150 Kg, y vienen con unos tacos antideslizantes y anti rayaduras , que te permitir\u00e1n usarla en cualquier tipo de suelo. Su uso es ideal para comedores, restaurantes, hogares, cafeter\u00edas y jardines.<\/p>\n<ul class=\"a-unordered-list a-vertical a-spacing-mini\">\n<li class=\"a-spacing-mini\"><span class=\"a-list-item\">Dise\u00f1o: altura perfecta y asiento trasero arqueado dise\u00f1ado ergon\u00f3micamente para apoyar el cuerpo del usuario Bueno para sentarse y llevar una conversaci\u00f3n sencilla.<\/span><\/li>\n<li class=\"a-spacing-mini\"><span class=\"a-list-item\">Material: esta silla liviana est\u00e1 moldeada con polipropileno, un material que tiene un acabado duradero que se limpia con un pa\u00f1o. Esta gran caracter\u00edstica hace que el asiento sea ideal para cenar en familia, ya que podr\u00e1 resistir el desorden a la hora de comer.<\/span><\/li>\n<li class=\"a-spacing-mini\"><span class=\"a-list-item\">Dise\u00f1o ergon\u00f3mico, respaldo c\u00f3modo y superficie del asiento, firme y fuerte.<\/span><\/li>\n<\/ul>\n<p><strong>Medidas:<\/strong><\/p>\n<p>Ancho: 42 cm<\/p>\n<p>Alto: 76 cm<\/p>\n<p>Profundidad: 47 cm<\/p>\n<p><strong>Peso:<\/strong><\/p>\n<p>10,5 kg<\/p>\n","protected":false},"excerpt":{"rendered":"<p>Disfrute de una experiencia \u00fanica en la cena con su familia y amigos con nuestras sillas Mil\u00e1n!<\/p>\n","protected":false},"featured_media":9792,"comment_status":"open","ping_status":"closed","template":"","meta":[],"product_brand":[],"product_cat":[271,561],"product_tag":[616,709,246,430],"class_list":{"0":"post-9785","1":"product","2":"type-product","3":"status-publish","4":"has-post-thumbnail","6":"product_cat-sillas","7":"product_cat-tododescuento","8":"product_tag-comedor","9":"product_tag-milan","10":"product_tag-negro","11":"product_tag-silla","13":"first","14":"instock","15":"sale","16":"shipping-taxable","17":"purchasable","18":"product-type-simple"},"_links":{"self":[{"href":"https:\/\/tododescuento.cl\/web\/wp-json\/wp\/v2\/product\/9785","targetHints":{"allow":["GET"]}}],"collection":[{"href":"https:\/\/tododescuento.cl\/web\/wp-json\/wp\/v2\/product"}],"about":[{"href":"https:\/\/tododescuento.cl\/web\/wp-json\/wp\/v2\/types\/product"}],"replies":[{"embeddable":true,"href":"https:\/\/tododescuento.cl\/web\/wp-json\/wp\/v2\/comments?post=9785"}],"wp:featuredmedia":[{"embeddable":true,"href":"https:\/\/tododescuento.cl\/web\/wp-json\/wp\/v2\/media\/9792"}],"wp:attachment":[{"href":"https:\/\/tododescuento.cl\/web\/wp-json\/wp\/v2\/media?parent=9785"}],"wp:term":[{"taxonomy":"product_brand","embeddable":true,"href":"https:\/\/tododescuento.cl\/web\/wp-json\/wp\/v2\/product_brand?post=9785"},{"taxonomy":"product_cat","embeddable":true,"href":"https:\/\/tododescuento.cl\/web\/wp-json\/wp\/v2\/product_cat?post=9785"},{"taxonomy":"product_tag","embeddable":true,"href":"https:\/\/tododescuento.cl\/web\/wp-json\/wp\/v2\/product_tag?post=9785"}],"curies":[{"name":"wp","href":"https:\/\/api.w.org\/{rel}","templated":true}]}}

Pack 4 Sillas Milán- Negras

<p>La Silla Milán está inspirada en algunos iconos del interiorismo que, con el paso del tiempo, se ha convertido en una pieza emblemática dentro del estilo Nórdic .</p>
<p>Es un asiento sencillo, práctico y muy ergonómico , que se adapta perfectamente a tu cuerpo. El respaldo, fabricado en plástico polipropileno , un material versátil y tenaz. Sus patas, hechas de madera de haya, son muy robustas y resistentes , llegando a soportar hasta 150 Kg, y vienen con unos tacos antideslizantes y anti rayaduras , que te permitirán usarla en cualquier tipo de suelo. Su uso es ideal para comedores, restaurantes, hogares, cafeterías y jardines.</p>
<ul class="a-unordered-list a-vertical a-spacing-mini">
<li class="a-spacing-mini"><span class="a-list-item">Diseño: altura perfecta y asiento trasero arqueado diseñado ergonómicamente para apoyar el cuerpo del usuario Bueno para sentarse y llevar una conversación sencilla.</span></li>
<li class="a-spacing-mini"><span class="a-list-item">Material: esta silla liviana está moldeada con polipropileno, un material que tiene un acabado duradero que se limpia con un paño. Esta gran característica hace que el asiento sea ideal para cenar en familia, ya que podrá resistir el desorden a la hora de comer.</span></li>
<li class="a-spacing-mini"><span class="a-list-item">Diseño ergonómico, respaldo cómodo y superficie del asiento, firme y fuerte.</span></li>
</ul>
<p><strong>Medidas:</strong></p>
<p>Ancho: 42 cm</p>
<p>Alto: 76 cm</p>
<p>Profundidad: 47 cm</p>
<p><strong>Peso:</strong></p>
<p>10,5 kg</p>

<p>Disfrute de una experiencia única en la cena con su familia y amigos con nuestras sillas Milán!</p>
