{"id":9560,"date":"2024-11-12T15:03:05","date_gmt":"2024-11-12T18:03:05","guid":{"rendered":"https:\/\/tododescuento.cl\/?post_type=product&#038;p=9560"},"modified":"2025-12-23T16:07:51","modified_gmt":"2025-12-23T19:07:51","slug":"auto-electrico-jeep-rubicon-rosado","status":"publish","type":"product","link":"https:\/\/tododescuento.cl\/web\/producto\/auto-electrico-jeep-rubicon-rosado\/","title":{"rendered":"Auto El\u00e9ctrico Off Road- Rosado"},"content":{"rendered":"<p>Auto de bater\u00eda de 2 plazas para ni\u00f1os, veh\u00edculos el\u00e9ctricos de 12 V, \u00a0con control remoto<\/p>\n<p>Con el aspecto real\u00edstico, nuestro auto el\u00e9ctrico los ni\u00f1os satisfacen su curiosidad de conducir. Estimular\u00e1n y desarrollar\u00e1n muchas habilidades y empezar\u00e1n a reconocer el mundo.<\/p>\n<p>Con 2 modalidades de control, puedes manipular el coche con el control Bluetooth prioritario y tu peque\u00f1o piloto tendr\u00e1 tambi\u00e9n la libertad de conducir solo con el pedal y el volante.<\/p>\n<p>Para llenar los momentos padre-hijo con m\u00fasica, diversi\u00f3n y amor, este veh\u00edculo el\u00e9ctrico entrada AUX, funci\u00f3n MP3 y conector USB, el volante con bocina y luces y 4 focos con ruidos divertidos.<\/p>\n<p>Es importante mencionar que la tecnolog\u00eda de arranque lento protege los ni\u00f1os de aceleraciones o frenazos repentinos. El cintur\u00f3n de seguridad multipunto tiene una configuraci\u00f3n est\u00e1ndar y evita que los ni\u00f1os se caigan mientras que las puertas con cierre magn\u00e9tico son c\u00f3modas para subir y bajar.<\/p>\n<p>Las luces garantizan la estabilidad tambi\u00e9n.<\/p>\n<p>Detalles real\u00edsticos que garantizan una divertida experiencia de conducci\u00f3n<\/p>\n<p>Los ni\u00f1os mejoran muchas habilidades y desencadenan la imaginaci\u00f3n<\/p>\n<p>Control con Bluetooth para los padres y con pedal y volante para los ni\u00f1os<\/p>\n<p>Con reproductor de MP3, puerta AUX, USB y tarjetas TF para escuchar m\u00fasica y divertirse<\/p>\n<p>Volante y luces con sonidos divertidos<\/p>\n<p>Capacidad de carga de 30 kg<\/p>\n<p>Ruedas resistentes al desgaste, antivuelco y amortiguadoras<\/p>\n<p>Con cintur\u00f3n multipunto para garantizar la seguridad de los ni\u00f1os<\/p>\n<p>Ninguna aceleraci\u00f3n repentina gracias al sistema de arranque lento<\/p>\n<p>Puertas con cierre magn\u00e9tica para que los ni\u00f1os entren f\u00e1cilmente y en toda seguridad<\/p>\n<p><span class=\"a-text-bold\">Caracter\u00edsticas:<\/span><\/p>\n<p>Di\u00e1metro ruedas: 34 cm<\/p>\n<p>Bater\u00eda: 12 V 7 Ah<\/p>\n<p>Cargador: 12 V 1000 MA<\/p>\n<p>Tiempo de recarga: 8-12 horas<\/p>\n<p>Velocidad: 3-6 km\/h<\/p>\n<p>Capacidad de carga: 30 kg<\/p>\n<p>Tama\u00f1o del producto: 125*80*80cm<\/p>\n<p>Tama\u00f1o de la caja: 132*70*40cm<\/p>\n","protected":false},"excerpt":{"rendered":"<p>Para los amantes de las aventuras Off Road. Este auto todo terreno a bater\u00eda brindar\u00e1 una experiencia emocionante y divertida por horas!<\/p>\n","protected":false},"featured_media":9566,"comment_status":"open","ping_status":"closed","template":"","meta":[],"product_brand":[],"product_cat":[305,294,712],"product_tag":[691,690,686,689,688,310],"class_list":{"0":"post-9560","1":"product","2":"type-product","3":"status-publish","4":"has-post-thumbnail","6":"product_cat-juguetes-electricos","7":"product_cat-ninos","8":"product_cat-ofertas","9":"product_tag-4x4","10":"product_tag-auto-electrico","11":"product_tag-jeep","12":"product_tag-nino","13":"product_tag-radio-control","14":"product_tag-rosado","16":"first","17":"instock","18":"sale","19":"shipping-taxable","20":"purchasable","21":"product-type-simple"},"_links":{"self":[{"href":"https:\/\/tododescuento.cl\/web\/wp-json\/wp\/v2\/product\/9560","targetHints":{"allow":["GET"]}}],"collection":[{"href":"https:\/\/tododescuento.cl\/web\/wp-json\/wp\/v2\/product"}],"about":[{"href":"https:\/\/tododescuento.cl\/web\/wp-json\/wp\/v2\/types\/product"}],"replies":[{"embeddable":true,"href":"https:\/\/tododescuento.cl\/web\/wp-json\/wp\/v2\/comments?post=9560"}],"wp:featuredmedia":[{"embeddable":true,"href":"https:\/\/tododescuento.cl\/web\/wp-json\/wp\/v2\/media\/9566"}],"wp:attachment":[{"href":"https:\/\/tododescuento.cl\/web\/wp-json\/wp\/v2\/media?parent=9560"}],"wp:term":[{"taxonomy":"product_brand","embeddable":true,"href":"https:\/\/tododescuento.cl\/web\/wp-json\/wp\/v2\/product_brand?post=9560"},{"taxonomy":"product_cat","embeddable":true,"href":"https:\/\/tododescuento.cl\/web\/wp-json\/wp\/v2\/product_cat?post=9560"},{"taxonomy":"product_tag","embeddable":true,"href":"https:\/\/tododescuento.cl\/web\/wp-json\/wp\/v2\/product_tag?post=9560"}],"curies":[{"name":"wp","href":"https:\/\/api.w.org\/{rel}","templated":true}]}}