{"id":9164,"date":"2024-08-26T09:03:13","date_gmt":"2024-08-26T13:03:13","guid":{"rendered":"https:\/\/tododescuento.cl\/?post_type=product&#038;p=9164"},"modified":"2025-12-25T17:10:01","modified_gmt":"2025-12-25T20:10:01","slug":"mesa-para-manicure-portatil-blanca-bolso","status":"publish","type":"product","link":"https:\/\/tododescuento.cl\/web\/producto\/mesa-para-manicure-portatil-blanca-bolso\/","title":{"rendered":"Mesa Para Manicure Port\u00e1til Blanca + Bolso"},"content":{"rendered":"<p>Est\u00e1 fabricada con tablero de fibra de densidad media de alta calidad, patas de metal, caj\u00f3n de pl\u00e1stico y almohadilla de esponja.<\/p>\n<p>Amplia mesa con bandeja de 36.8 cm x 27 cm para guardar todos tus art\u00edculos.<\/p>\n<p>Esta mesa plegable de manicura para u\u00f1as est\u00e1 dise\u00f1ada con coj\u00edn de mu\u00f1eca extra c\u00f3modo y extra\u00edble y patas de metal plegables para ahorrar espacio, una bolsa de transporte impermeable con cremallera para un almacenamiento c\u00f3modo y f\u00e1cil transporte.<\/p>\n<p>Incluye 4 ruedas fuertes bloqueables para mover y sostener.<\/p>\n<p>El caj\u00f3n de pl\u00e1stico contiene todos tus accesorios, optimiza el espacio y mejora la eficiencia del trabajo.<\/p>\n<p>El dise\u00f1o de esquinas redondas evita lesiones innecesarias.<\/p>\n<p>La pel\u00edcula de pl\u00e1stico es para evitar que la parte superior de la mesa se raye, por favor, qu\u00edtala antes de usar.<\/p>\n<p>Almohadilla de esponja extra\u00edble, bolsa port\u00e1til impermeable con cremallera, mesa de u\u00f1as y caj\u00f3n. Material: tablero de part\u00edculas de alta densidad y patas de metal.<\/p>\n<p>Medidas<br \/>\n93 cm largo<br \/>\n43 cm ancho<br \/>\n72 cm de alto<br \/>\n1.8cm grosor de la mesa<\/p>\n<p>TAMA\u00d1O BANDEJA<br \/>\n36.8 cm<br \/>\n27 cm<\/p>\n<p>****ATENCI\u00d3N****<\/p>\n<p>Todo Descuento se acoge al derecho a retracto de cualquier cliente solo si este cumple con las siguientes consideraciones:<\/p>\n<p>El Producto debe devolverse en su empaque original y sellado.<br \/>\nEl producto no debe estar modificado o alterado de su estado original<br \/>\nNo debe presentar da\u00f1o alguno tanto en su empaque como el producto mismo.<br \/>\nNo debe presentar se\u00f1ales de uso.<\/p>\n<p>En caso de que reciba un producto con alg\u00fan detalle o desperfecto de fabrica se aceptaran los cambios o devoluciones solo si se cumplen las siguientes condiciones:<br \/>\nFotograf\u00eda del defecto<br \/>\nEtiquetado Completo<br \/>\nEmbalaje Original con sus protecciones sin da\u00f1os.<br \/>\nEl producto debe estar en buen estado y limpio<\/p>\n<p>En caso de que tu producto no cumpla con las condiciones para aceptar la devoluci\u00f3n. Te informaremos la raz\u00f3n por la cual no procede el cambio y\/o garant\u00eda y el producto ser\u00e1 devuelto a la direcci\u00f3n de env\u00edo inicial.<\/p>\n<p>***Nuestros despachos se coordinar\u00e1n en 48 Hrs. h\u00e1biles desde el momento de la compra***<\/p>\n<p>&#8212;&#8212;&#8212;&#8212;&#8212;&#8212;&#8212;&#8212;&#8212;&#8212;&#8212;&#8212;&#8212;&#8212;&#8212;&#8212;&#8212;&#8212;&#8212;&#8212;&#8212;&#8211;<br \/>\nLos productos son revisados antes de ser despachados, por ende, debes revisarlo al recibir. Cualquier da\u00f1o debe ser informado a la agencia de transportes quienes son los responsables del producto durante el despacho.<br \/>\n&#8212;&#8212;&#8212;&#8212;&#8212;&#8212;&#8212;&#8212;&#8212;&#8212;&#8212;&#8212;&#8212;&#8212;&#8212;&#8212;&#8212;&#8212;&#8212;&#8212;&#8212;&#8211;<\/p>\n<p>REGIONES (EXCEPTO REGION DE MAGALLANES, AYSEN, PUERTO NATALES, COYHAIQUE Y ZONA SUR DE PUERTO MONTT)<\/p>\n<p>R. METROPOLITANA (EXCEPTO COMUNA DE LA PINTANA Y LA GRANJA)<\/p>\n<p>*** Retiros en tienda de lunes a viernes de 10 a 13hrs y de 14 a 17hrs. ***<\/p>\n<p>Tienda establecida en Quinta Normal a 4 cuadras del (Metro Gruta de Lourdes)<\/p>\n<p>. . . : : : T O D O D E S C U E N T O : : : . . .<\/p>\n","protected":false},"excerpt":{"rendered":"<p>Estaci\u00f3n de mesa de manicure port\u00e1til profesional, tama\u00f1o perfecto para uso personal y sal\u00f3n m\u00f3vil profesional.<\/p>\n","protected":false},"featured_media":9167,"comment_status":"open","ping_status":"closed","template":"","meta":[],"product_brand":[],"product_cat":[345,561],"product_tag":[666,664,614,667,665],"class_list":{"0":"post-9164","1":"product","2":"type-product","3":"status-publish","4":"has-post-thumbnail","6":"product_cat-peluqueria-y-barberia","7":"product_cat-tododescuento","8":"product_tag-estetica","9":"product_tag-manicure","10":"product_tag-mesa","11":"product_tag-peluqueria","12":"product_tag-portatil","14":"first","15":"instock","16":"sale","17":"shipping-taxable","18":"purchasable","19":"product-type-simple"},"_links":{"self":[{"href":"https:\/\/tododescuento.cl\/web\/wp-json\/wp\/v2\/product\/9164","targetHints":{"allow":["GET"]}}],"collection":[{"href":"https:\/\/tododescuento.cl\/web\/wp-json\/wp\/v2\/product"}],"about":[{"href":"https:\/\/tododescuento.cl\/web\/wp-json\/wp\/v2\/types\/product"}],"replies":[{"embeddable":true,"href":"https:\/\/tododescuento.cl\/web\/wp-json\/wp\/v2\/comments?post=9164"}],"wp:featuredmedia":[{"embeddable":true,"href":"https:\/\/tododescuento.cl\/web\/wp-json\/wp\/v2\/media\/9167"}],"wp:attachment":[{"href":"https:\/\/tododescuento.cl\/web\/wp-json\/wp\/v2\/media?parent=9164"}],"wp:term":[{"taxonomy":"product_brand","embeddable":true,"href":"https:\/\/tododescuento.cl\/web\/wp-json\/wp\/v2\/product_brand?post=9164"},{"taxonomy":"product_cat","embeddable":true,"href":"https:\/\/tododescuento.cl\/web\/wp-json\/wp\/v2\/product_cat?post=9164"},{"taxonomy":"product_tag","embeddable":true,"href":"https:\/\/tododescuento.cl\/web\/wp-json\/wp\/v2\/product_tag?post=9164"}],"curies":[{"name":"wp","href":"https:\/\/api.w.org\/{rel}","templated":true}]}}

Mesa Para Manicure Portátil Blanca + Bolso

<p>Está fabricada con tablero de fibra de densidad media de alta calidad, patas de metal, cajón de plástico y almohadilla de esponja.</p>
<p>Amplia mesa con bandeja de 36.8 cm x 27 cm para guardar todos tus artículos.</p>
<p>Esta mesa plegable de manicura para uñas está diseñada con cojín de muñeca extra cómodo y extraíble y patas de metal plegables para ahorrar espacio, una bolsa de transporte impermeable con cremallera para un almacenamiento cómodo y fácil transporte.</p>
<p>Incluye 4 ruedas fuertes bloqueables para mover y sostener.</p>
<p>El cajón de plástico contiene todos tus accesorios, optimiza el espacio y mejora la eficiencia del trabajo.</p>
<p>El diseño de esquinas redondas evita lesiones innecesarias.</p>
<p>La película de plástico es para evitar que la parte superior de la mesa se raye, por favor, quítala antes de usar.</p>
<p>Almohadilla de esponja extraíble, bolsa portátil impermeable con cremallera, mesa de uñas y cajón. Material: tablero de partículas de alta densidad y patas de metal.</p>
<p>Medidas<br />
93 cm largo<br />
43 cm ancho<br />
72 cm de alto<br />
1.8cm grosor de la mesa</p>
<p>TAMAÑO BANDEJA<br />
36.8 cm<br />
27 cm</p>
<p>****ATENCIÓN****</p>
<p>Todo Descuento se acoge al derecho a retracto de cualquier cliente solo si este cumple con las siguientes consideraciones:</p>
<p>El Producto debe devolverse en su empaque original y sellado.<br />
El producto no debe estar modificado o alterado de su estado original<br />
No debe presentar daño alguno tanto en su empaque como el producto mismo.<br />
No debe presentar señales de uso.</p>
<p>En caso de que reciba un producto con algún detalle o desperfecto de fabrica se aceptaran los cambios o devoluciones solo si se cumplen las siguientes condiciones:<br />
Fotografía del defecto<br />
Etiquetado Completo<br />
Embalaje Original con sus protecciones sin daños.<br />
El producto debe estar en buen estado y limpio</p>
<p>En caso de que tu producto no cumpla con las condiciones para aceptar la devolución. Te informaremos la razón por la cual no procede el cambio y/o garantía y el producto será devuelto a la dirección de envío inicial.</p>
<p>***Nuestros despachos se coordinarán en 48 Hrs. hábiles desde el momento de la compra***</p>
<p>&#8212;&#8212;&#8212;&#8212;&#8212;&#8212;&#8212;&#8212;&#8212;&#8212;&#8212;&#8212;&#8212;&#8212;&#8212;&#8212;&#8212;&#8212;&#8212;&#8212;&#8212;&#8211;<br />
Los productos son revisados antes de ser despachados, por ende, debes revisarlo al recibir. Cualquier daño debe ser informado a la agencia de transportes quienes son los responsables del producto durante el despacho.<br />
&#8212;&#8212;&#8212;&#8212;&#8212;&#8212;&#8212;&#8212;&#8212;&#8212;&#8212;&#8212;&#8212;&#8212;&#8212;&#8212;&#8212;&#8212;&#8212;&#8212;&#8212;&#8211;</p>
<p>REGIONES (EXCEPTO REGION DE MAGALLANES, AYSEN, PUERTO NATALES, COYHAIQUE Y ZONA SUR DE PUERTO MONTT)</p>
<p>R. METROPOLITANA (EXCEPTO COMUNA DE LA PINTANA Y LA GRANJA)</p>
<p>*** Retiros en tienda de lunes a viernes de 10 a 13hrs y de 14 a 17hrs. ***</p>
<p>Tienda establecida en Quinta Normal a 4 cuadras del (Metro Gruta de Lourdes)</p>
<p>. . . : : : T O D O D E S C U E N T O : : : . . .</p>

<p>Estación de mesa de manicure portátil profesional, tamaño perfecto para uso personal y salón móvil profesional.</p>
