{"id":8542,"date":"2024-03-21T11:54:47","date_gmt":"2024-03-21T14:54:47","guid":{"rendered":"https:\/\/tododescuento.cl\/?post_type=product&#038;p=8542"},"modified":"2025-08-29T11:23:49","modified_gmt":"2025-08-29T15:23:49","slug":"camarote-litera-de-madera-desmontable-monaco-1-plaza-90cm-x-190-cm","status":"publish","type":"product","link":"https:\/\/tododescuento.cl\/web\/producto\/camarote-litera-de-madera-desmontable-monaco-1-plaza-90cm-x-190-cm\/","title":{"rendered":"Camarote Litera de Madera Desmontable M\u00f3naco 1 Plaza 90cm x 190 cm"},"content":{"rendered":"<p>Caracter\u00edsticas:<\/p>\n<p>Origen del producto: Brasil<\/p>\n<p>Estilo: Cl\u00e1sico R\u00fastico<\/p>\n<p>Habitaci\u00f3n Principal: Dormitorio<\/p>\n<p>Color disponible: Cafe (Imbuia)<\/p>\n<p>Pintura: Barniz<\/p>\n<p>Estructura de la mesa: Madera maciza<\/p>\n<p>Resistencia total: Hasta 180 kg<\/p>\n<p>Especificaciones t\u00e9cnicas del producto:<\/p>\n<p>Acabado: pintura de PU<\/p>\n<p>Soportes superiores de la cama: 80 kg<\/p>\n<p>Soportes inferiores de la cama: 100 kg<\/p>\n<p>Complejidad de montaje: Baja<\/p>\n<p>Escalera: Madera De Pino<\/p>\n<p>Plataformas: Madera de Pino<\/p>\n<p>Estructura lateral: Madera de pino<\/p>\n<p>Resistencia a la lluvia: Baja<\/p>\n<p>Sistema de montaje: Tornillos y pernos<\/p>\n<p>Requiere herramienta adicional para el montaje: destornillador Philips<\/p>\n<p>Tipo de colchones: Individual<\/p>\n<p>Laterales de seguridad contra ca\u00eddas para cama superior: S\u00ed<\/p>\n<p>Muebles de Madera de Pino 100% Sostenible.<\/p>\n<p>Compuesto por:<\/p>\n<p>&#8211; 4 cabeceras montadas<\/p>\n<p>&#8211; 8 lados<\/p>\n<p>&#8211; 1 Protecci\u00f3n<\/p>\n<p>&#8211; 1 escalera de tijera<\/p>\n<p>***ATENCION***<\/p>\n<p>Nuestros despachos se coordinar\u00e1n en 48 Hrs. h\u00e1biles desde el momento de la compra para ofrecerles un mejor y eficaz servicio.<\/p>\n<p>*Realizamos envios a domicilio menos a las siguientes zonas:<\/p>\n<p>REGIONES (EXCEPTO REGION DE MAGALLANES, AYSEN, PUERTO NATALES, COYHAIQUE Y ZONA SUR DE PUERTO MONTT)<\/p>\n<p>R. METROPOLITANA (EXCEPTO COMUNA DE LA PINTANA Y LA GRANJA)<\/p>\n<p>&#8212;&#8212;&#8212;&#8212;&#8212;&#8212;&#8212;&#8212;&#8212;&#8212;&#8212;&#8212;&#8212;&#8212;&#8212;&#8212;&#8212;&#8212;&#8212;&#8212;&#8212;&#8211;<br \/>\nLos productos son revisados antes de ser despachados, por ende debes revisarlo al recibir. Cualquier da\u00f1o debe ser informado a la agencia de transportes quienes son los responsables del producto durante el despacho.<br \/>\n&#8212;&#8212;&#8212;&#8212;&#8212;&#8212;&#8212;&#8212;&#8212;&#8212;&#8212;&#8212;&#8212;&#8212;&#8212;&#8212;&#8212;&#8212;&#8212;&#8212;&#8212;&#8211;<\/p>\n<p>*** Retiros en tienda de lunes a viernes de 10 a 13hrs y de 14 a 17hrs. ***<\/p>\n<p>Tienda establecida en Quinta Normal a 4 cuadras del (Metro Gruta de Lourdes)<\/p>\n<p>. . . : : : T O D O D E S C U E N T O : : : . . .<\/p>\n","protected":false},"excerpt":{"rendered":"<p>La Litera Camarote Monaco es un mueble elegante, resistente y de gran calidad , elaborado con madera 100% sostenible , teniendo siempre en cuenta la calidad ideal para tu hogar. Perfecto para a\u00f1adir ese toque especial a la habitaci\u00f3n de tus hijos o de invitados. Adem\u00e1s de ser bonito y resistente, ocupa menos espacio y garantiza un ambiente abierto y acogedor, aportando el confort y la elegancia que s\u00f3lo la madera puede transmitir.<\/p>\n","protected":false},"featured_media":8547,"comment_status":"open","ping_status":"closed","template":"","meta":[],"product_brand":[],"product_cat":[270,561],"product_tag":[644,642,643,624],"class_list":{"0":"post-8542","1":"product","2":"type-product","3":"status-publish","4":"has-post-thumbnail","6":"product_cat-muebles","7":"product_cat-tododescuento","8":"product_tag-1-plaza","9":"product_tag-camarote","10":"product_tag-litera","11":"product_tag-monaco","13":"first","14":"instock","15":"sale","16":"shipping-taxable","17":"purchasable","18":"product-type-simple"},"_links":{"self":[{"href":"https:\/\/tododescuento.cl\/web\/wp-json\/wp\/v2\/product\/8542","targetHints":{"allow":["GET"]}}],"collection":[{"href":"https:\/\/tododescuento.cl\/web\/wp-json\/wp\/v2\/product"}],"about":[{"href":"https:\/\/tododescuento.cl\/web\/wp-json\/wp\/v2\/types\/product"}],"replies":[{"embeddable":true,"href":"https:\/\/tododescuento.cl\/web\/wp-json\/wp\/v2\/comments?post=8542"}],"wp:featuredmedia":[{"embeddable":true,"href":"https:\/\/tododescuento.cl\/web\/wp-json\/wp\/v2\/media\/8547"}],"wp:attachment":[{"href":"https:\/\/tododescuento.cl\/web\/wp-json\/wp\/v2\/media?parent=8542"}],"wp:term":[{"taxonomy":"product_brand","embeddable":true,"href":"https:\/\/tododescuento.cl\/web\/wp-json\/wp\/v2\/product_brand?post=8542"},{"taxonomy":"product_cat","embeddable":true,"href":"https:\/\/tododescuento.cl\/web\/wp-json\/wp\/v2\/product_cat?post=8542"},{"taxonomy":"product_tag","embeddable":true,"href":"https:\/\/tododescuento.cl\/web\/wp-json\/wp\/v2\/product_tag?post=8542"}],"curies":[{"name":"wp","href":"https:\/\/api.w.org\/{rel}","templated":true}]}}