{"id":8520,"date":"2024-03-18T12:28:02","date_gmt":"2024-03-18T15:28:02","guid":{"rendered":"https:\/\/tododescuento.cl\/?post_type=product&#038;p=8520"},"modified":"2024-03-18T12:29:20","modified_gmt":"2024-03-18T15:29:20","slug":"mueble-rack-de-pared-para-tv-43-blanco-florencia","status":"publish","type":"product","link":"https:\/\/tododescuento.cl\/web\/producto\/mueble-rack-de-pared-para-tv-43-blanco-florencia\/","title":{"rendered":"Mueble Rack De Pared Para Tv 43&#8243; Blanco Florencia"},"content":{"rendered":"<p>Tiene 2 repisas y 2 nichos donde podr\u00e1s acomodar tus objetos decorativos, dispositivos electr\u00f3nicos, entre otros.<\/p>\n<p>Nota importante:<\/p>\n<p>&#8211; Los muebles se entregan desarmados y embalados.<\/p>\n<p>&#8211; Im\u00e1genes meramente ilustrativas. Los colores de los objetos pueden cambiar debido al brillo.<\/p>\n<p>&#8211; Se recomienda limpiar el producto con una franela seca o un pa\u00f1o suave, no use abrasivos, desengrasantes, alcohol o solventes. Mant\u00e9ngalo en un lugar libre de humedad y \/ o exposici\u00f3n directa al sol.<\/p>\n<p>Madera MDF y MDP<\/p>\n<p>Dimensiones del producto:<br \/>\n&#8211; Alto: 90 cm<br \/>\n&#8211; Largo: 120 cm<br \/>\n&#8211; Fondo: 20 cm<\/p>\n<p>Para TV hasta: 43\u00bb<\/p>\n<p>***ATENCION***<\/p>\n<p>Nuestros despachos se coordinar\u00e1n en 48 Hrs. h\u00e1biles desde el momento de la compra para ofrecerles un mejor y eficaz servicio.<\/p>\n<p>*Realizamos envios a domicilio menos a las siguientes zonas:<\/p>\n<p>REGIONES (EXCEPTO REGION DE MAGALLANES, AYSEN, PUERTO NATALES, COYHAIQUE Y ZONA SUR DE PUERTO MONTT)<\/p>\n<p>R. METROPOLITANA (EXCEPTO COMUNA DE LA PINTANA Y LA GRANJA)<\/p>\n<p>&#8212;&#8212;&#8212;&#8212;&#8212;&#8212;&#8212;&#8212;&#8212;&#8212;&#8212;&#8212;&#8212;&#8212;&#8212;&#8212;&#8212;&#8212;&#8212;&#8212;&#8212;&#8211;<br \/>\nLos productos son revisados antes de ser despachados, por ende debes revisarlo al recibir. Cualquier da\u00f1o debe ser informado a la agencia de transportes quienes son los responsables del producto durante el despacho.<br \/>\n&#8212;&#8212;&#8212;&#8212;&#8212;&#8212;&#8212;&#8212;&#8212;&#8212;&#8212;&#8212;&#8212;&#8212;&#8212;&#8212;&#8212;&#8212;&#8212;&#8212;&#8212;&#8211;<\/p>\n<p>*** Retiros en tienda de lunes a viernes de 10 a 13hrs y de 14 a 17hrs. ***<\/p>\n<p>Tienda establecida en Quinta Normal a 4 cuadras del (Metro Gruta de Lourdes)<\/p>\n<p>. . . : : : T O D O D E S C U E N T O : : : . . .<\/p>\n","protected":false},"excerpt":{"rendered":"<p>El Rack panel Florencia para Tv de hasta 43 pulgadas, lleg\u00f3 a complementar su habitaci\u00f3n. Con un dise\u00f1o moderno e innovador, agregar\u00e1 mucho m\u00e1s encanto y refinamiento a su habitaci\u00f3n. Con nichos modernos y una innovaci\u00f3n que este producto trae al mercado.<\/p>\n<p>&nbsp;<\/p>\n","protected":false},"featured_media":8523,"comment_status":"open","ping_status":"closed","template":"","meta":[],"product_brand":[],"product_cat":[270,413,561],"product_tag":[639,638,631],"class_list":{"0":"post-8520","1":"product","2":"type-product","3":"status-publish","4":"has-post-thumbnail","6":"product_cat-muebles","7":"product_cat-rack-tv","8":"product_cat-tododescuento","9":"product_tag-639","10":"product_tag-florencia","11":"product_tag-rack-para-tv","13":"first","14":"instock","15":"sale","16":"shipping-taxable","17":"purchasable","18":"product-type-simple"},"_links":{"self":[{"href":"https:\/\/tododescuento.cl\/web\/wp-json\/wp\/v2\/product\/8520","targetHints":{"allow":["GET"]}}],"collection":[{"href":"https:\/\/tododescuento.cl\/web\/wp-json\/wp\/v2\/product"}],"about":[{"href":"https:\/\/tododescuento.cl\/web\/wp-json\/wp\/v2\/types\/product"}],"replies":[{"embeddable":true,"href":"https:\/\/tododescuento.cl\/web\/wp-json\/wp\/v2\/comments?post=8520"}],"wp:featuredmedia":[{"embeddable":true,"href":"https:\/\/tododescuento.cl\/web\/wp-json\/wp\/v2\/media\/8523"}],"wp:attachment":[{"href":"https:\/\/tododescuento.cl\/web\/wp-json\/wp\/v2\/media?parent=8520"}],"wp:term":[{"taxonomy":"product_brand","embeddable":true,"href":"https:\/\/tododescuento.cl\/web\/wp-json\/wp\/v2\/product_brand?post=8520"},{"taxonomy":"product_cat","embeddable":true,"href":"https:\/\/tododescuento.cl\/web\/wp-json\/wp\/v2\/product_cat?post=8520"},{"taxonomy":"product_tag","embeddable":true,"href":"https:\/\/tododescuento.cl\/web\/wp-json\/wp\/v2\/product_tag?post=8520"}],"curies":[{"name":"wp","href":"https:\/\/api.w.org\/{rel}","templated":true}]}}

<p>Tiene 2 repisas y 2 nichos donde podrás acomodar tus objetos decorativos, dispositivos electrónicos, entre otros.</p>
<p>Nota importante:</p>
<p>&#8211; Los muebles se entregan desarmados y embalados.</p>
<p>&#8211; Imágenes meramente ilustrativas. Los colores de los objetos pueden cambiar debido al brillo.</p>
<p>&#8211; Se recomienda limpiar el producto con una franela seca o un paño suave, no use abrasivos, desengrasantes, alcohol o solventes. Manténgalo en un lugar libre de humedad y / o exposición directa al sol.</p>
<p>Madera MDF y MDP</p>
<p>Dimensiones del producto:<br />
&#8211; Alto: 90 cm<br />
&#8211; Largo: 120 cm<br />
&#8211; Fondo: 20 cm</p>
<p>Para TV hasta: 43»</p>
<p>***ATENCION***</p>
<p>Nuestros despachos se coordinarán en 48 Hrs. hábiles desde el momento de la compra para ofrecerles un mejor y eficaz servicio.</p>
<p>*Realizamos envios a domicilio menos a las siguientes zonas:</p>
<p>REGIONES (EXCEPTO REGION DE MAGALLANES, AYSEN, PUERTO NATALES, COYHAIQUE Y ZONA SUR DE PUERTO MONTT)</p>
<p>R. METROPOLITANA (EXCEPTO COMUNA DE LA PINTANA Y LA GRANJA)</p>
<p>&#8212;&#8212;&#8212;&#8212;&#8212;&#8212;&#8212;&#8212;&#8212;&#8212;&#8212;&#8212;&#8212;&#8212;&#8212;&#8212;&#8212;&#8212;&#8212;&#8212;&#8212;&#8211;<br />
Los productos son revisados antes de ser despachados, por ende debes revisarlo al recibir. Cualquier daño debe ser informado a la agencia de transportes quienes son los responsables del producto durante el despacho.<br />
&#8212;&#8212;&#8212;&#8212;&#8212;&#8212;&#8212;&#8212;&#8212;&#8212;&#8212;&#8212;&#8212;&#8212;&#8212;&#8212;&#8212;&#8212;&#8212;&#8212;&#8212;&#8211;</p>
<p>*** Retiros en tienda de lunes a viernes de 10 a 13hrs y de 14 a 17hrs. ***</p>
<p>Tienda establecida en Quinta Normal a 4 cuadras del (Metro Gruta de Lourdes)</p>
<p>. . . : : : T O D O D E S C U E N T O : : : . . .</p>

<p>El Rack panel Florencia para Tv de hasta 43 pulgadas, llegó a complementar su habitación. Con un diseño moderno e innovador, agregará mucho más encanto y refinamiento a su habitación. Con nichos modernos y una innovación que este producto trae al mercado.</p>
<p>&nbsp;</p>
