{"id":8228,"date":"2024-03-01T13:29:43","date_gmt":"2024-03-01T16:29:43","guid":{"rendered":"https:\/\/tododescuento.cl\/?post_type=product&#038;p=8228"},"modified":"2025-05-26T14:17:09","modified_gmt":"2025-05-26T18:17:09","slug":"trotadora-electrica-3-0-hp-con-auto-inclinacion-1-18-km-h-140-kg-modelo-tm-3000","status":"publish","type":"product","link":"https:\/\/tododescuento.cl\/web\/producto\/trotadora-electrica-3-0-hp-con-auto-inclinacion-1-18-km-h-140-kg-modelo-tm-3000\/","title":{"rendered":"Trotadora El\u00e9ctrica 3.0 HP con auto inclinaci\u00f3n 1-18 Km\/h, 140 Kg\/  MODELO TM-5000"},"content":{"rendered":"<p>&#8211; Auto inclinaci\u00f3n de 12 niveles<\/p>\n<p>&#8211; Panel LCD con opciones predeterminadas, donde puedes configurar los entrenamientos entre caminar, trotar, correr ver videos durante el entrenamiento.<\/p>\n<p>&#8211; Pantalla con medidor de distancia \/ velocidad \/ tiempo \/ calor\u00edas \/ Inclinaci\u00f3n \/ Ritmo Cardiaco.<\/p>\n<p>&#8211; 12 programas y 3 modos de entrenamiento.<\/p>\n<p>&#8211; Incluye sistema de frenado de emergencia para evitar accidentes.<\/p>\n<p>&#8211; Incluye sistema porta dispositivo m\u00f3vil y soporte de caramagnola (No incluye botella).<\/p>\n<p>&#8211; DISE\u00d1O CON ABSORCI\u00d3N DE IMPACTO gracias a su sistema de amortiguaci\u00f3n hidr\u00e1ulico deportivo. Ofreciendo una mejor absorci\u00f3n de impactos, disminuyendo en un 15% el riesgo de lesiones en comparaci\u00f3n con una carrera al aire libre.<\/p>\n<p>&#8211; Multifunci\u00f3n Masajeador, abdominales<\/p>\n<p>TROTADORA CAMINADORA TM-5000<\/p>\n<p>CARACTER\u00cdSTICAS<\/p>\n<p>&#8211; Potencia del Motor: 3 HP<br \/>\n&#8211; Pantalla LCD azul: 7 pulgadas LCD MP3\/USB<br \/>\n&#8211; Rango de velocidad: 1.0 &#8211; 18 Km\/h<br \/>\n&#8211; inclinaci\u00f3n electr\u00f3nica de 15 niveles<br \/>\n&#8211; \u00c1rea de funcionamiento:58X145 cm<br \/>\n&#8211; Grosor funcionamiento: 15mm<br \/>\n&#8211; Tama\u00f1o: 193x83x38 cm<br \/>\n&#8211; Tama\u00f1o del embalaje: 207x97x44 cm<br \/>\n&#8211; Capacidad: 140KG<\/p>\n","protected":false},"excerpt":{"rendered":"<p>La trotadora TM-5000 es una excelente alternativa al ejercicio, para mejorar la salud cardiovascular, disminuyendo el riesgo de desarrollar enfermedades al coraz\u00f3n.<\/p>\n<p>&#8211; Gracias a su amplia superficie de trote la TROTADORA TM-5000 es ideal para salas de entrenamientos de medio y bajo tr\u00e1fico,<\/p>\n<p>&#8211; Debido a su sistema de auto lubricaci\u00f3n de cinta cada 100 km. disminuyen la mantenci\u00f3n peri\u00f3dica.( incluye aceite ) Usa aceite a base de litio<\/p>\n","protected":false},"featured_media":8510,"comment_status":"closed","ping_status":"closed","template":"","meta":[],"product_brand":[],"product_cat":[280,561,320],"product_tag":[246,321],"class_list":{"0":"post-8228","1":"product","2":"type-product","3":"status-publish","4":"has-post-thumbnail","6":"product_cat-fitness","7":"product_cat-tododescuento","8":"product_cat-trotadoras","9":"product_tag-negro","10":"product_tag-tm-3000","12":"first","13":"instock","14":"sale","15":"purchasable","16":"product-type-simple"},"_links":{"self":[{"href":"https:\/\/tododescuento.cl\/web\/wp-json\/wp\/v2\/product\/8228","targetHints":{"allow":["GET"]}}],"collection":[{"href":"https:\/\/tododescuento.cl\/web\/wp-json\/wp\/v2\/product"}],"about":[{"href":"https:\/\/tododescuento.cl\/web\/wp-json\/wp\/v2\/types\/product"}],"replies":[{"embeddable":true,"href":"https:\/\/tododescuento.cl\/web\/wp-json\/wp\/v2\/comments?post=8228"}],"wp:featuredmedia":[{"embeddable":true,"href":"https:\/\/tododescuento.cl\/web\/wp-json\/wp\/v2\/media\/8510"}],"wp:attachment":[{"href":"https:\/\/tododescuento.cl\/web\/wp-json\/wp\/v2\/media?parent=8228"}],"wp:term":[{"taxonomy":"product_brand","embeddable":true,"href":"https:\/\/tododescuento.cl\/web\/wp-json\/wp\/v2\/product_brand?post=8228"},{"taxonomy":"product_cat","embeddable":true,"href":"https:\/\/tododescuento.cl\/web\/wp-json\/wp\/v2\/product_cat?post=8228"},{"taxonomy":"product_tag","embeddable":true,"href":"https:\/\/tododescuento.cl\/web\/wp-json\/wp\/v2\/product_tag?post=8228"}],"curies":[{"name":"wp","href":"https:\/\/api.w.org\/{rel}","templated":true}]}}