{"id":8108,"date":"2024-02-07T17:35:42","date_gmt":"2024-02-07T20:35:42","guid":{"rendered":"https:\/\/tododescuento.cl\/?post_type=product&#038;p=8108"},"modified":"2025-03-04T17:41:48","modified_gmt":"2025-03-04T20:41:48","slug":"silla-gamer-racing-x-zone-home-office-ergonomica","status":"publish","type":"product","link":"https:\/\/tododescuento.cl\/web\/producto\/silla-gamer-racing-x-zone-home-office-ergonomica\/","title":{"rendered":"Silla Gamer X-ZONE Ergon\u00f3mica Verde\/ Negro"},"content":{"rendered":"<p>La silla Gamer X-ZONE tiene almohadas lumbares y para el cuello y reposabrazos tapizados para mayor comodidad.<\/p>\n<p>El asiento est\u00e1 tapizado en cuero sint\u00e9tico resistente al desgaste y relleno de espuma de alta calidad, es ergon\u00f3mico, por lo que no experimentar\u00e1 dolor de espalda ni fatiga, adem\u00e1s cuenta con reposa cabezas acolchado y soporte lumbar regulable en forma de coraz\u00f3n para que pueda descansar durante sus actividades. Tiene una inclinaci\u00f3n de hasta 140 grados<\/p>\n<p>Est\u00e1 equipado con apoya brazos de PVC para cuidar codos y antebrazos, reduciendo el estr\u00e9s regular.<\/p>\n<p>El asiento giratorio de 360 grados le brinda una gran comodidad y tambi\u00e9n puede cambiar la altura a su gusto utilizando el mecanismo de elevaci\u00f3n de gas la base esta fabricada en nailon y cuenta con cinco ruedas giratorias que te permitir\u00e1n moverse libremente.<\/p>\n<p>Tiene un marco de alta calidad para mejorar la capacidad de carga de la silla y garantizar una vida \u00fatil m\u00e1s larga.<\/p>\n<ul>\n<li class=\"vtex-specifications-content\"><span class=\"VIpgJd-yAWNEb-VIpgJd-fmcmS-sn54Q\">Peso m\u00e1ximo soportado\u00a0<\/span><span class=\"VIpgJd-yAWNEb-VIpgJd-fmcmS-sn54Q\">135kg<\/span><\/li>\n<li class=\"vtex-specifications-content\"><span class=\"\">Superficie de apoyo\u00a0<\/span><span class=\"\">Espuma inyectada de alta densidad y durabilidad.<\/span><\/li>\n<li class=\"vtex-specifications-content\">Recl\u00ednio\u00a00\u00b0 a 140\u00b0<\/li>\n<li class=\"vtex-specifications-content\">Rotaci\u00f3n giratoria\u00a0de 360\u00b0.<\/li>\n<li class=\"vtex-specifications-content\">Almohadas\u00a0S\u00ed, para cuello y lumbares.<\/li>\n<li class=\"vtex-specifications-content\">Estructura\u00a0Respaldo y asiento de metal, base en forma de estrella de nailon.<\/li>\n<li class=\"vtex-specifications-content\">Tapicer\u00eda de\u00a0cuero sint\u00e9tico PU<\/li>\n<li class=\"vtex-specifications-content\">Ajuste de elevaci\u00f3n\u00a0Cilindro de gas nivel 4<\/li>\n<li class=\"vtex-specifications-content\"><span class=\"\">Peso del producto\u00a0<\/span><span class=\"\">15,5 kg<\/span><\/li>\n<li class=\"vtex-specifications-content\">Dise\u00f1o\u00a0ergon\u00f3mico y c\u00f3modo<\/li>\n<li class=\"vtex-specifications-content\">Densidad de la espuma de la silla\u00a024kg\/m\u00b3<\/li>\n<li class=\"vtex-specifications-content\">Profundidad del asiento\u00a049 cm.<\/li>\n<li class=\"vtex-specifications-content\">Profundidad del respaldo\u00a0No aplicable<\/li>\n<li class=\"vtex-specifications-content\">Altura del respaldo\u00a084cm<\/li>\n<li class=\"vtex-specifications-content\">Ancho del reposabrazos\u00a06,8 cm<\/li>\n<li class=\"vtex-specifications-content\">Ancho del asiento\u00a052cm<\/li>\n<li class=\"vtex-specifications-content\">Altura total del producto\u00a0123 cm.<\/li>\n<li class=\"vtex-specifications-content\"><span class=\"\">Ruedas\u00a0<\/span><span class=\"\">recubiertas de nylon, resistencia y anti-ruido.<\/span><\/li>\n<\/ul>\n<p>&nbsp;<\/p>\n","protected":false},"excerpt":{"rendered":"<p>Para jugar c\u00f3modamente durante horas, cuenta con un dise\u00f1o s\u00faper ergon\u00f3mico.<\/p>\n","protected":false},"featured_media":10217,"comment_status":"closed","ping_status":"closed","template":"","meta":[],"product_brand":[],"product_cat":[349,270],"product_tag":[596,409,430,603],"class_list":{"0":"post-8108","1":"product","2":"type-product","3":"status-publish","4":"has-post-thumbnail","6":"product_cat-gamer","7":"product_cat-muebles","8":"product_tag-ergonomica","9":"product_tag-gamer","10":"product_tag-silla","11":"product_tag-x-zone","13":"first","14":"instock","15":"sale","16":"purchasable","17":"product-type-simple"},"_links":{"self":[{"href":"https:\/\/tododescuento.cl\/web\/wp-json\/wp\/v2\/product\/8108","targetHints":{"allow":["GET"]}}],"collection":[{"href":"https:\/\/tododescuento.cl\/web\/wp-json\/wp\/v2\/product"}],"about":[{"href":"https:\/\/tododescuento.cl\/web\/wp-json\/wp\/v2\/types\/product"}],"replies":[{"embeddable":true,"href":"https:\/\/tododescuento.cl\/web\/wp-json\/wp\/v2\/comments?post=8108"}],"wp:featuredmedia":[{"embeddable":true,"href":"https:\/\/tododescuento.cl\/web\/wp-json\/wp\/v2\/media\/10217"}],"wp:attachment":[{"href":"https:\/\/tododescuento.cl\/web\/wp-json\/wp\/v2\/media?parent=8108"}],"wp:term":[{"taxonomy":"product_brand","embeddable":true,"href":"https:\/\/tododescuento.cl\/web\/wp-json\/wp\/v2\/product_brand?post=8108"},{"taxonomy":"product_cat","embeddable":true,"href":"https:\/\/tododescuento.cl\/web\/wp-json\/wp\/v2\/product_cat?post=8108"},{"taxonomy":"product_tag","embeddable":true,"href":"https:\/\/tododescuento.cl\/web\/wp-json\/wp\/v2\/product_tag?post=8108"}],"curies":[{"name":"wp","href":"https:\/\/api.w.org\/{rel}","templated":true}]}}