{"id":7458,"date":"2023-12-17T14:31:13","date_gmt":"2023-12-17T17:31:13","guid":{"rendered":"https:\/\/tododescuento.cl\/?post_type=product&#038;p=7458"},"modified":"2025-12-29T08:53:31","modified_gmt":"2025-12-29T11:53:31","slug":"filamento-3d-marca-tronxy-asa-resistente-a-uv-y-lluvia-de-1-75mm-y-1-kg","status":"publish","type":"product","link":"https:\/\/tododescuento.cl\/web\/producto\/filamento-3d-marca-tronxy-asa-resistente-a-uv-y-lluvia-de-1-75mm-y-1-kg\/","title":{"rendered":"Filamento 3D Marca TRONXY ASA Resistente a Uv y Lluvia De 1.75mm Y 1 Kg"},"content":{"rendered":"<p>Resistente a la intemperie: el filamento UV TRONXY ASA tiene todas las propiedades del filamento ABS 3D con las caracter\u00edsticas adicionales de ser resistente a la intemperie.<\/p>\n<p>Nuestro ASA es resistente a los rayos UV y resistente al agrietamiento por estr\u00e9s ambiental.<\/p>\n<p>TRONXY ASA se puede utilizar al aire libre para aplicaciones exteriores como aviones RC o accesorios de coche.<\/p>\n<p>Alta resistencia al calor y propiedades mec\u00e1nicas: TRONXY ASA puede resistir temperaturas de hasta 100 C y mostrar alta dureza y resistencia al impacto para una aplicaci\u00f3n funcional. (Las mismas propiedades que el filamento de impresora 3D ABS).<\/p>\n<p>TRONXY ASA Black es un filamento ASA 3D con un acabado mate muy especial que hace que la impresi\u00f3n final se vea muy suave y de alta calidad.<\/p>\n<p>Nota: apaga el ventilador para mejores propiedades mec\u00e1nicas, enci\u00e9ndelo al 30% para una mayor calidad de impresi\u00f3n.<\/p>\n<p>Ajustes de impresi\u00f3n: boquilla: 250 C; cama: 90 C;<\/p>\n<p>Para imprimir piezas grandes sin problemas de deformaci\u00f3n, recomendamos utilizar una impresora cerrada para mantener un ambiente c\u00e1lido alrededor de la impresi\u00f3n.<\/p>\n<p>****ATENCI\u00d3N****<\/p>\n<p>Nuestros despachos se coordinar\u00e1n en 48 Hrs. h\u00e1biles desde el momento de la compra.<\/p>\n","protected":false},"excerpt":{"rendered":"<p>Para que tus impresiones 3D tengan una precisi\u00f3n y resoluci\u00f3n excepcional necesitar\u00e1s el mejor material para poder crear y convertir en realidad los productos que imaginas.<\/p>\n<p>&nbsp;<\/p>\n","protected":false},"featured_media":1457,"comment_status":"open","ping_status":"closed","template":"","meta":[],"product_brand":[],"product_cat":[572,273,562],"product_tag":[521,275,277],"class_list":{"0":"post-7458","1":"product","2":"type-product","3":"status-publish","4":"has-post-thumbnail","6":"product_cat-filamentos","7":"product_cat-impresion-3d","8":"product_cat-tronxy","9":"product_tag-asa","10":"product_tag-filamento-3d","11":"product_tag-tronxy","13":"first","14":"instock","15":"sale","16":"shipping-taxable","17":"purchasable","18":"product-type-simple"},"_links":{"self":[{"href":"https:\/\/tododescuento.cl\/web\/wp-json\/wp\/v2\/product\/7458","targetHints":{"allow":["GET"]}}],"collection":[{"href":"https:\/\/tododescuento.cl\/web\/wp-json\/wp\/v2\/product"}],"about":[{"href":"https:\/\/tododescuento.cl\/web\/wp-json\/wp\/v2\/types\/product"}],"replies":[{"embeddable":true,"href":"https:\/\/tododescuento.cl\/web\/wp-json\/wp\/v2\/comments?post=7458"}],"wp:featuredmedia":[{"embeddable":true,"href":"https:\/\/tododescuento.cl\/web\/wp-json\/wp\/v2\/media\/1457"}],"wp:attachment":[{"href":"https:\/\/tododescuento.cl\/web\/wp-json\/wp\/v2\/media?parent=7458"}],"wp:term":[{"taxonomy":"product_brand","embeddable":true,"href":"https:\/\/tododescuento.cl\/web\/wp-json\/wp\/v2\/product_brand?post=7458"},{"taxonomy":"product_cat","embeddable":true,"href":"https:\/\/tododescuento.cl\/web\/wp-json\/wp\/v2\/product_cat?post=7458"},{"taxonomy":"product_tag","embeddable":true,"href":"https:\/\/tododescuento.cl\/web\/wp-json\/wp\/v2\/product_tag?post=7458"}],"curies":[{"name":"wp","href":"https:\/\/api.w.org\/{rel}","templated":true}]}}