{"id":7436,"date":"2023-12-17T14:31:03","date_gmt":"2023-12-17T17:31:03","guid":{"rendered":"https:\/\/tododescuento.cl\/?post_type=product&#038;p=7436"},"modified":"2026-02-09T09:50:56","modified_gmt":"2026-02-09T12:50:56","slug":"silla-plegable-acolchada","status":"publish","type":"product","link":"https:\/\/tododescuento.cl\/web\/producto\/silla-plegable-acolchada\/","title":{"rendered":"SILLA PLEGABLE ACOLCHADA"},"content":{"rendered":"<div class=\"translate-tooltip-mtz translator-hidden\">\n<div class=\"header\"><\/div>\n<\/div>\n<div class=\"translate-tooltip-mtz translator-hidden\">\n<div class=\"header\">\n<div class=\"header-controls\"><\/div>\n<\/div>\n<\/div>\n<p>Ideal para tu sal\u00f3n, comedor o jard\u00edn. Su estructura construida en acero de gran resistencia para una mayor durabilidad y su asiento acolchado en espuma, conforman una silla ergon\u00f3mica que se adaptar\u00e1 perfectamente a la forma de tu espalda para un descanso c\u00f3modo.<\/p>\n<p>Sus tacos antideslizantes proteger\u00e1n el suelo de ralladuras. De dise\u00f1o sencillo, encajar\u00e1 a la perfecci\u00f3n con los muebles de tu sal\u00f3n, comedor o jard\u00edn.<\/p>\n<p>&nbsp;<\/p>\n<p>Nuestra silla plegable acolchada es un complemento muy pr\u00e1ctico para casa; f\u00e1cil de transportar, almacenar y limpiar.<\/p>\n<p>&nbsp;<\/p>\n<p>Medidas:<br \/>\n&#8211; Alto: 76 cm.<br \/>\n&#8211; Ancho: 46 cm.<br \/>\n&#8211; Profundo:49 cm.<br \/>\n&#8211; Alto asiento: 43 cm<\/p>\n","protected":false},"excerpt":{"rendered":"<p>Silla plegable acolchada es la soluci\u00f3n a los problemas de espacio. Indicada para uso en interior y exterior. Gracias a su sencillo dise\u00f1o plegable podr\u00e1s ampliar asientos en apenas unos segundos cuando tengas visita en casa y ahorrar espacio de almacenamiento.<\/p>\n","protected":false},"featured_media":1349,"comment_status":"open","ping_status":"closed","template":"","meta":[],"product_brand":[],"product_cat":[270,271],"product_tag":[430],"class_list":{"0":"post-7436","1":"product","2":"type-product","3":"status-publish","4":"has-post-thumbnail","6":"product_cat-muebles","7":"product_cat-sillas","8":"product_tag-silla","10":"first","11":"instock","12":"shipping-taxable","13":"purchasable","14":"product-type-variable"},"_links":{"self":[{"href":"https:\/\/tododescuento.cl\/web\/wp-json\/wp\/v2\/product\/7436","targetHints":{"allow":["GET"]}}],"collection":[{"href":"https:\/\/tododescuento.cl\/web\/wp-json\/wp\/v2\/product"}],"about":[{"href":"https:\/\/tododescuento.cl\/web\/wp-json\/wp\/v2\/types\/product"}],"replies":[{"embeddable":true,"href":"https:\/\/tododescuento.cl\/web\/wp-json\/wp\/v2\/comments?post=7436"}],"wp:featuredmedia":[{"embeddable":true,"href":"https:\/\/tododescuento.cl\/web\/wp-json\/wp\/v2\/media\/1349"}],"wp:attachment":[{"href":"https:\/\/tododescuento.cl\/web\/wp-json\/wp\/v2\/media?parent=7436"}],"wp:term":[{"taxonomy":"product_brand","embeddable":true,"href":"https:\/\/tododescuento.cl\/web\/wp-json\/wp\/v2\/product_brand?post=7436"},{"taxonomy":"product_cat","embeddable":true,"href":"https:\/\/tododescuento.cl\/web\/wp-json\/wp\/v2\/product_cat?post=7436"},{"taxonomy":"product_tag","embeddable":true,"href":"https:\/\/tododescuento.cl\/web\/wp-json\/wp\/v2\/product_tag?post=7436"}],"curies":[{"name":"wp","href":"https:\/\/api.w.org\/{rel}","templated":true}]}}