{"id":7186,"date":"2023-12-17T14:29:48","date_gmt":"2023-12-17T17:29:48","guid":{"rendered":"https:\/\/tododescuento.cl\/?post_type=product&#038;p=7186"},"modified":"2025-06-04T11:19:40","modified_gmt":"2025-06-04T15:19:40","slug":"pack-4-taburetes-pisos-replica-tolix-asiento-de-madera-con-respaldo-alto","status":"publish","type":"product","link":"https:\/\/tododescuento.cl\/web\/producto\/pack-4-taburetes-pisos-replica-tolix-asiento-de-madera-con-respaldo-alto\/","title":{"rendered":"PACK 4 TABURETES (PISOS) TOLIX ASIENTO DE MADERA CON RESPALDO ALTO"},"content":{"rendered":"<p>Ofrece durabilidad de grado comercial y un estilo moderno y robusto.<\/p>\n<p>Con una construcci\u00f3n de acero y uniones soldadas, este piso es extraordinariamente duradero y dise\u00f1ado con un elegante acabado met\u00e1lico para soportar todo tipo de condiciones adversas.<\/p>\n<p>Posee goma antideslizante en sus patas para proteger el suelo. Est\u00e1 protegido por pintura de alta calidad que forma una pel\u00edcula protectora en la superficie, es resistente a ara\u00f1azos, f\u00e1cil de limpiar proporcionando comodidad en su transporte y simplificando su almacenamiento en espacios compactos.<\/p>\n<p>\u2022 Medidas del taburete:<\/p>\n<p>&#8211; Ato Total : 118 cm.<br \/>\n&#8211; Alto (Piso a Silla) : 77 cm.<br \/>\n&#8211; Asiento : 36 x 36 cm.<\/p>\n<p>Este taburete de estilo industrial est\u00e1 fabricado en metal con base en madera, es perfecto para restaurantes o para el hogar<\/p>\n<p>***El producto requiere armado***<\/p>\n","protected":false},"excerpt":{"rendered":"<p>Este dise\u00f1o cl\u00e1sico ha sido utilizado en cafeter\u00edas y cocinas de todo el mundo, ya que es combinable con una multitud de tendencias decorativas.<\/p>\n","protected":false},"featured_media":1042,"comment_status":"closed","ping_status":"closed","template":"","meta":[],"product_brand":[],"product_cat":[270,278],"product_tag":[279],"class_list":{"0":"post-7186","1":"product","2":"type-product","3":"status-publish","4":"has-post-thumbnail","6":"product_cat-muebles","7":"product_cat-taburetes","8":"product_tag-tolix","10":"first","11":"instock","12":"sale","13":"purchasable","14":"product-type-variable"},"_links":{"self":[{"href":"https:\/\/tododescuento.cl\/web\/wp-json\/wp\/v2\/product\/7186","targetHints":{"allow":["GET"]}}],"collection":[{"href":"https:\/\/tododescuento.cl\/web\/wp-json\/wp\/v2\/product"}],"about":[{"href":"https:\/\/tododescuento.cl\/web\/wp-json\/wp\/v2\/types\/product"}],"replies":[{"embeddable":true,"href":"https:\/\/tododescuento.cl\/web\/wp-json\/wp\/v2\/comments?post=7186"}],"wp:featuredmedia":[{"embeddable":true,"href":"https:\/\/tododescuento.cl\/web\/wp-json\/wp\/v2\/media\/1042"}],"wp:attachment":[{"href":"https:\/\/tododescuento.cl\/web\/wp-json\/wp\/v2\/media?parent=7186"}],"wp:term":[{"taxonomy":"product_brand","embeddable":true,"href":"https:\/\/tododescuento.cl\/web\/wp-json\/wp\/v2\/product_brand?post=7186"},{"taxonomy":"product_cat","embeddable":true,"href":"https:\/\/tododescuento.cl\/web\/wp-json\/wp\/v2\/product_cat?post=7186"},{"taxonomy":"product_tag","embeddable":true,"href":"https:\/\/tododescuento.cl\/web\/wp-json\/wp\/v2\/product_tag?post=7186"}],"curies":[{"name":"wp","href":"https:\/\/api.w.org\/{rel}","templated":true}]}}