{"id":7174,"date":"2023-12-17T14:29:33","date_gmt":"2023-12-17T17:29:33","guid":{"rendered":"https:\/\/tododescuento.cl\/?post_type=product&#038;p=7174"},"modified":"2025-11-23T11:30:25","modified_gmt":"2025-11-23T14:30:25","slug":"meson-bar-para-cocina","status":"publish","type":"product","link":"https:\/\/tododescuento.cl\/web\/producto\/meson-bar-para-cocina\/","title":{"rendered":"Mesa Isla para Cocina- Blanca"},"content":{"rendered":"<p>Con sus dimensiones de 92 cm de alto, 135 cm de ancho y 60 cm de profundidad, esta mesa ofrece un \u00e1rea adicional para preparar alimentos o compartir comidas informales. Con una puerta para almacenamiento, puedes mantener tus utensilios o ingredientes al alcance mientras cocinas. Estilo a tu espacio culinario.<\/p>\n<p>No ofrecemos servicio de montaje, dejamos esta informaci\u00f3n muy clara en todas las p\u00e1ginas de nuestros productos.<\/p>\n<p>Todos nuestros muebles vienen adem\u00e1s con el manual de montaje, y si lo deseas puedes realizar el montaje t\u00fa mismo, siempre especificamos los grados de montaje de los productos.<\/p>\n<p>Caracter\u00edsticas:<\/p>\n<p>material del marco: mdp<br \/>\nrequiere montaje: s\u00ed<br \/>\nc\u00f3mo llegar\u00e1n los muebles a mi casa: desmontados en cajas, acompa\u00f1ados de todas las piezas, herrajes y manuales para su montaje.<br \/>\ngrado de dificultad de montaje: medio<br \/>\nNota: los objetos decorativos que aparecen en las im\u00e1genes no est\u00e1n incluidos con el producto.<br \/>\nRecomendaci\u00f3n de mantenimiento: utilizar un pa\u00f1o ligeramente h\u00famedo, seguido de un pa\u00f1o seco. No utilice ning\u00fan producto abrasivo.<br \/>\nindicaci\u00f3n de uso: cocina<br \/>\nescala de brillo: mate<br \/>\nrevestimiento\/acabado: l\u00e1mina de acabado<br \/>\nn\u00famero de puertas: 1<\/p>\n","protected":false},"excerpt":{"rendered":"<p>Optimiza el espacio de tu cocina con la mesa isla para cocina.<\/p>\n","protected":false},"featured_media":9521,"comment_status":"closed","ping_status":"closed","template":"","meta":[],"product_brand":[],"product_cat":[287,270],"product_tag":[231,336,684],"class_list":{"0":"post-7174","1":"product","2":"type-product","3":"status-publish","4":"has-post-thumbnail","6":"product_cat-mesas","7":"product_cat-muebles","8":"product_tag-blanco","9":"product_tag-cocina","10":"product_tag-isla","12":"first","13":"instock","14":"sale","15":"purchasable","16":"product-type-simple"},"_links":{"self":[{"href":"https:\/\/tododescuento.cl\/web\/wp-json\/wp\/v2\/product\/7174","targetHints":{"allow":["GET"]}}],"collection":[{"href":"https:\/\/tododescuento.cl\/web\/wp-json\/wp\/v2\/product"}],"about":[{"href":"https:\/\/tododescuento.cl\/web\/wp-json\/wp\/v2\/types\/product"}],"replies":[{"embeddable":true,"href":"https:\/\/tododescuento.cl\/web\/wp-json\/wp\/v2\/comments?post=7174"}],"wp:featuredmedia":[{"embeddable":true,"href":"https:\/\/tododescuento.cl\/web\/wp-json\/wp\/v2\/media\/9521"}],"wp:attachment":[{"href":"https:\/\/tododescuento.cl\/web\/wp-json\/wp\/v2\/media?parent=7174"}],"wp:term":[{"taxonomy":"product_brand","embeddable":true,"href":"https:\/\/tododescuento.cl\/web\/wp-json\/wp\/v2\/product_brand?post=7174"},{"taxonomy":"product_cat","embeddable":true,"href":"https:\/\/tododescuento.cl\/web\/wp-json\/wp\/v2\/product_cat?post=7174"},{"taxonomy":"product_tag","embeddable":true,"href":"https:\/\/tododescuento.cl\/web\/wp-json\/wp\/v2\/product_tag?post=7174"}],"curies":[{"name":"wp","href":"https:\/\/api.w.org\/{rel}","templated":true}]}}