{"id":7169,"date":"2023-12-17T14:29:32","date_gmt":"2023-12-17T17:29:32","guid":{"rendered":"https:\/\/tododescuento.cl\/?post_type=product&#038;p=7169"},"modified":"2024-05-10T12:00:34","modified_gmt":"2024-05-10T16:00:34","slug":"escritorio-esquinero-en-l","status":"publish","type":"product","link":"https:\/\/tododescuento.cl\/web\/producto\/escritorio-esquinero-en-l\/","title":{"rendered":"Escritorio en L esquinero 4 cajones 156 cm"},"content":{"rendered":"<p>Descripci\u00f3n:<br \/>\n\u2022 Material: MDP<br \/>\n\u2022 3 Cajones con rieles met\u00e1licos y 2 puertas<br \/>\n\u2022 Esquinero muy practico y moderno<br \/>\n\u2022 Colores disponibles: Blanco o Demolici\u00f3n<\/p>\n","protected":false},"excerpt":{"rendered":"<p>El escritorio en \u00abL\u00bb tiene 3 cajones y 1 nicho con 2 puertas, perfecto para ser utilizado en el hogar u oficina, dando un toque especial en cada espacio. Sus compartimientos tambi\u00e9n le permiten almacenar art\u00edculos personales de una manera m\u00e1s reservada y organizada. Producto elaborado en excelente material de MDP de 15 mm en un acabado de pintura UV, manijas de pl\u00e1stico, bisagras y correderas met\u00e1licas, lo que garantiza una mayor resistencia y calidad en su mueble. Armado tanto derecha como izquierda.<\/p>\n","protected":false},"featured_media":8443,"comment_status":"closed","ping_status":"closed","template":"","meta":[],"product_brand":[],"product_cat":[291,270],"product_tag":[393,485,627],"class_list":{"0":"post-7169","1":"product","2":"type-product","3":"status-publish","4":"has-post-thumbnail","6":"product_cat-escritorios","7":"product_cat-muebles","8":"product_tag-en-l","9":"product_tag-escritorio","10":"product_tag-oficina","12":"first","13":"instock","14":"purchasable","15":"product-type-variable"},"_links":{"self":[{"href":"https:\/\/tododescuento.cl\/web\/wp-json\/wp\/v2\/product\/7169","targetHints":{"allow":["GET"]}}],"collection":[{"href":"https:\/\/tododescuento.cl\/web\/wp-json\/wp\/v2\/product"}],"about":[{"href":"https:\/\/tododescuento.cl\/web\/wp-json\/wp\/v2\/types\/product"}],"replies":[{"embeddable":true,"href":"https:\/\/tododescuento.cl\/web\/wp-json\/wp\/v2\/comments?post=7169"}],"wp:featuredmedia":[{"embeddable":true,"href":"https:\/\/tododescuento.cl\/web\/wp-json\/wp\/v2\/media\/8443"}],"wp:attachment":[{"href":"https:\/\/tododescuento.cl\/web\/wp-json\/wp\/v2\/media?parent=7169"}],"wp:term":[{"taxonomy":"product_brand","embeddable":true,"href":"https:\/\/tododescuento.cl\/web\/wp-json\/wp\/v2\/product_brand?post=7169"},{"taxonomy":"product_cat","embeddable":true,"href":"https:\/\/tododescuento.cl\/web\/wp-json\/wp\/v2\/product_cat?post=7169"},{"taxonomy":"product_tag","embeddable":true,"href":"https:\/\/tododescuento.cl\/web\/wp-json\/wp\/v2\/product_tag?post=7169"}],"curies":[{"name":"wp","href":"https:\/\/api.w.org\/{rel}","templated":true}]}}