{"id":7087,"date":"2023-12-17T14:28:55","date_gmt":"2023-12-17T17:28:55","guid":{"rendered":"https:\/\/tododescuento.cl\/?post_type=product&#038;p=7087"},"modified":"2023-12-17T14:28:57","modified_gmt":"2023-12-17T17:28:57","slug":"balanza-eco-40-kg-con-visor-aereo","status":"publish","type":"product","link":"https:\/\/tododescuento.cl\/web\/producto\/balanza-eco-40-kg-con-visor-aereo\/","title":{"rendered":"BALANZA ECO 40 KG CON VISOR AEREO"},"content":{"rendered":"<p>\u2013 Peso m\u00e1xima 40 kg \u2013 Peso m\u00ednimo 5 gramos<br \/>\n\u2013 Material: Pl\u00e1stico de alta duraci\u00f3n<br \/>\n\u2013 Color: negro<br \/>\n\u2013 Tama\u00f1o compacto<br \/>\n\u2013 Bater\u00eda interna recargable<br \/>\n\u2013 3 Memorias<br \/>\n\u2013 Bandeja de acero inoxidable 34,5x25cms<br \/>\n\u2013 Visores Rojos.<br \/>\n\u2013 3 Visores de relaci\u00f3n precio \/ peso<br \/>\n\u2013 Visor de nivel de superficie.<br \/>\n\u2013 Pantalla doble con n\u00fameros grandes<\/p>\n<p>Incluye:<br \/>\n* Balanza digital 40 Kg<br \/>\n* Cable de carga.<\/p>\n<p>&nbsp;<\/p>\n<p>Dimencion del Embalaje:<br \/>\n\u2013 35 x 35 x 13cm \u2013 3,5kg<\/p>\n<p>&nbsp;<\/p>\n<h3 style=\"text-align: center;\"><strong>ATENCI\u00d3N<\/strong><\/h3>\n<p style=\"text-align: center;\">Nuestros despachos se coordinar\u00e1n en 48 Hrs. h\u00e1biles desde el momento de la compra para ofrecerles un mejor y eficaz servicio.<\/p>\n<p style=\"text-align: center;\"><strong>*Realizamos envios a domicilio menos a las siguientes zonas:<\/strong><\/p>\n<p style=\"text-align: center;\">A Nivel Nacional:<\/p>\n<p style=\"text-align: center;\">Regi\u00f3n de Magallanes, Aysen, Puerto Natales, Coyhaique y Zona Sur de Puerto Montt.<\/p>\n<p style=\"text-align: center;\">Comuna de Ca\u00f1ete, Lebu, Andalloco, Illapel, Diego De Almagro, Las Cabras,\u00a0Tiltoco.<\/p>\n<p style=\"text-align: center;\">En la Regi\u00f3n Metropolitana:<\/p>\n<p style=\"text-align: center;\">Comuna de la Pintana y la Granja.<\/p>\n<p style=\"text-align: center;\">&#8212;&#8212;&#8212;&#8212;&#8212;&#8212;&#8212;&#8212;&#8212;&#8212;&#8212;&#8212;&#8212;&#8212;&#8212;&#8212;&#8212;&#8212;&#8212;&#8212;&#8212;&#8211;<br \/>\nLos productos son revisados antes de ser despachados, por ende, debes revisarlo al recibir. Cualquier da\u00f1o debe ser informado a la agencia de transportes quienes son los responsables del producto durante el despacho.<br \/>\n&#8212;&#8212;&#8212;&#8212;&#8212;&#8212;&#8212;&#8212;&#8212;&#8212;&#8212;&#8212;&#8212;&#8212;&#8212;&#8212;&#8212;&#8212;&#8212;&#8212;&#8212;&#8211;<\/p>\n<p style=\"text-align: center;\"><strong>*** Retiros en tienda los d\u00edas martes y jueves de 10 a 12:30 hrs y de 14 a 17hrs. ***<\/strong><\/p>\n<p>&nbsp;<\/p>\n<p>&nbsp;<\/p>\n","protected":false},"excerpt":{"rendered":"<p>Ideal para tu negocio, adem\u00e1s su dise\u00f1o y tama\u00f1o compacto la hacen ideal para llevar contigo a todos lados, especialmente si tienes que moverte con tus productos ya no ser\u00e1 un problema pesarlos para tus clientes.<\/p>\n<p>Esta pesa tan compacta, a pesar de su peque\u00f1o tama\u00f1o alcanza un pesaje m\u00e1ximo de 40 Kg<\/p>\n","protected":false},"featured_media":396,"comment_status":"closed","ping_status":"closed","template":"","meta":[],"product_brand":[],"product_cat":[571,228],"product_tag":[254,266],"class_list":{"0":"post-7087","1":"product","2":"type-product","3":"status-publish","4":"has-post-thumbnail","6":"product_cat-balanzas-y-basculas-comercio","7":"product_cat-comercio","8":"product_tag-plata","9":"product_tag-visor-aereo","11":"first","12":"instock","13":"sale","14":"purchasable","15":"product-type-simple"},"_links":{"self":[{"href":"https:\/\/tododescuento.cl\/web\/wp-json\/wp\/v2\/product\/7087","targetHints":{"allow":["GET"]}}],"collection":[{"href":"https:\/\/tododescuento.cl\/web\/wp-json\/wp\/v2\/product"}],"about":[{"href":"https:\/\/tododescuento.cl\/web\/wp-json\/wp\/v2\/types\/product"}],"replies":[{"embeddable":true,"href":"https:\/\/tododescuento.cl\/web\/wp-json\/wp\/v2\/comments?post=7087"}],"wp:featuredmedia":[{"embeddable":true,"href":"https:\/\/tododescuento.cl\/web\/wp-json\/wp\/v2\/media\/396"}],"wp:attachment":[{"href":"https:\/\/tododescuento.cl\/web\/wp-json\/wp\/v2\/media?parent=7087"}],"wp:term":[{"taxonomy":"product_brand","embeddable":true,"href":"https:\/\/tododescuento.cl\/web\/wp-json\/wp\/v2\/product_brand?post=7087"},{"taxonomy":"product_cat","embeddable":true,"href":"https:\/\/tododescuento.cl\/web\/wp-json\/wp\/v2\/product_cat?post=7087"},{"taxonomy":"product_tag","embeddable":true,"href":"https:\/\/tododescuento.cl\/web\/wp-json\/wp\/v2\/product_tag?post=7087"}],"curies":[{"name":"wp","href":"https:\/\/api.w.org\/{rel}","templated":true}]}}