{"id":7081,"date":"2023-12-17T14:28:41","date_gmt":"2023-12-17T17:28:41","guid":{"rendered":"https:\/\/tododescuento.cl\/?post_type=product&#038;p=7081"},"modified":"2024-10-09T17:56:53","modified_gmt":"2024-10-09T20:56:53","slug":"meson-de-trabajo-refrigerado-linea-h-1500-ypl-9133-estatico","status":"publish","type":"product","link":"https:\/\/tododescuento.cl\/web\/producto\/meson-de-trabajo-refrigerado-linea-h-1500-ypl-9133-estatico\/","title":{"rendered":"MESON DE TRABAJO REFRIGERADO LINEA H-1500 YPL-9133 ESTATICO"},"content":{"rendered":"<ul>\n<li>Construcci\u00f3n integra en Acero Inoxidable<\/li>\n<li>Sistema de refrigeraci\u00f3n est\u00e1tico<\/li>\n<li>Patines Regulables en altura de alta rotaci\u00f3n.<\/li>\n<li>Puertas abatibles con cerrajer\u00eda en alto dise\u00f1o H \u2013 Performance<\/li>\n<li>Termostato autom\u00e1tico con posibilidad de regular la temperatura.<\/li>\n<li>Repisa interior intermedia regulable en altura<\/li>\n<li>Voltajes 220V.\/50 Hz<\/li>\n<li>Mantenci\u00f3n: 5\u00ba a -5\u00baC<\/li>\n<li>Term\u00f3metro Indicador de temperatura digital<\/li>\n<li>Dimensiones: Frente 1500 mm \u2013 Fondo 750 mm \u2013 Alto: 800 mm<\/li>\n<\/ul>\n","protected":false},"excerpt":{"rendered":"<p><strong>Construcci\u00f3n integra en acero inoxidable, Patines regulables en altura de alta rotaci\u00f3n, Est\u00e1tico, Puertas abatibles, term\u00f3metro digital<\/strong><\/p>\n","protected":false},"featured_media":9498,"comment_status":"closed","ping_status":"closed","template":"","meta":[],"product_brand":[],"product_cat":[228,258],"product_tag":[259,254],"class_list":{"0":"post-7081","1":"product","2":"type-product","3":"status-publish","4":"has-post-thumbnail","6":"product_cat-comercio","7":"product_cat-mesones","8":"product_tag-h-1500","9":"product_tag-plata","11":"first","12":"instock","13":"sale","14":"purchasable","15":"product-type-simple"},"_links":{"self":[{"href":"https:\/\/tododescuento.cl\/web\/wp-json\/wp\/v2\/product\/7081","targetHints":{"allow":["GET"]}}],"collection":[{"href":"https:\/\/tododescuento.cl\/web\/wp-json\/wp\/v2\/product"}],"about":[{"href":"https:\/\/tododescuento.cl\/web\/wp-json\/wp\/v2\/types\/product"}],"replies":[{"embeddable":true,"href":"https:\/\/tododescuento.cl\/web\/wp-json\/wp\/v2\/comments?post=7081"}],"wp:featuredmedia":[{"embeddable":true,"href":"https:\/\/tododescuento.cl\/web\/wp-json\/wp\/v2\/media\/9498"}],"wp:attachment":[{"href":"https:\/\/tododescuento.cl\/web\/wp-json\/wp\/v2\/media?parent=7081"}],"wp:term":[{"taxonomy":"product_brand","embeddable":true,"href":"https:\/\/tododescuento.cl\/web\/wp-json\/wp\/v2\/product_brand?post=7081"},{"taxonomy":"product_cat","embeddable":true,"href":"https:\/\/tododescuento.cl\/web\/wp-json\/wp\/v2\/product_cat?post=7081"},{"taxonomy":"product_tag","embeddable":true,"href":"https:\/\/tododescuento.cl\/web\/wp-json\/wp\/v2\/product_tag?post=7081"}],"curies":[{"name":"wp","href":"https:\/\/api.w.org\/{rel}","templated":true}]}}