{"id":7065,"date":"2023-12-17T14:28:39","date_gmt":"2023-12-17T17:28:39","guid":{"rendered":"https:\/\/tododescuento.cl\/?post_type=product&#038;p=7065"},"modified":"2025-03-14T09:11:56","modified_gmt":"2025-03-14T12:11:56","slug":"congelador-sd-720-plus-tapa-vidrio-curvo","status":"publish","type":"product","link":"https:\/\/tododescuento.cl\/web\/producto\/congelador-sd-720-plus-tapa-vidrio-curvo\/","title":{"rendered":"CONGELADOR SD-720 PLUS TAPA VIDRIO CURVO"},"content":{"rendered":"<div class=\"woocommerce-tabs wc-tabs-wrapper\">\n<div id=\"tab-description\" class=\"woocommerce-Tabs-panel woocommerce-Tabs-panel--description panel entry-content wc-tab\" role=\"tabpanel\" aria-labelledby=\"tab-title-description\">\n<p><strong>Caracter\u00edsticas generales:<\/strong><\/p>\n<ul>\n<li>Tapa doble de vidrio (termopanel) curvo para mejor exposici\u00f3n de productos<br \/>\n<b><\/b><\/li>\n<li>Marco del cristal de color gris<\/li>\n<li>iluminaci\u00f3n LED.<\/li>\n<li>Panel de control frontal con termostato de regulaci\u00f3n<br \/>\n<b><\/b><\/li>\n<li>Ruedas Para F\u00e1cil Desplazamiento<\/li>\n<li>7 Canastillos<\/li>\n<\/ul>\n<p><strong>Especificaciones t\u00e9cnicas:<\/strong><\/p>\n<ul>\n<li>Capacidad 720Lts<\/li>\n<li>Sistema de refrigeraci\u00f3n est\u00e1tico por convecci\u00f3n natural.<\/li>\n<li>Temperatura de congelados: -14\u00baC a -18\u00baC<\/li>\n<li class=\"descripcion noMargin\">Control electr\u00f3nico de temperatura, con descongelamiento manual.<\/li>\n<li>Alimentaci\u00f3n El\u00e9ctrica 220V\/50Hz.<\/li>\n<li>Consumo el\u00e9ctrico: 0,52 Kw.<\/li>\n<li>Dimensiones 2000 x 680 x 850 mm.<\/li>\n<\/ul>\n<\/div>\n<\/div>\n","protected":false},"excerpt":{"rendered":"<p><strong>Sistema de refrigeraci\u00f3n convecci\u00f3n natural. Control de T\u00ba por termostato ajustable. Refrigerante ecol\u00f3gico sin CFC ni FCKW. Cuerpo profundo para mayor capacidad de almacenaje. 2 puertas de corredera con llave. 7 canastillo de almacenaje removible. Interior blanco Base con ruedas. Congelador industrial para uso comercial.<\/strong><\/p>\n","protected":false},"featured_media":369,"comment_status":"closed","ping_status":"closed","template":"","meta":[],"product_brand":[],"product_cat":[228,229],"product_tag":[231,239],"class_list":{"0":"post-7065","1":"product","2":"type-product","3":"status-publish","4":"has-post-thumbnail","6":"product_cat-comercio","7":"product_cat-congeladores","8":"product_tag-blanco","9":"product_tag-sd-720-plus","11":"first","12":"instock","13":"sale","14":"purchasable","15":"product-type-simple"},"_links":{"self":[{"href":"https:\/\/tododescuento.cl\/web\/wp-json\/wp\/v2\/product\/7065","targetHints":{"allow":["GET"]}}],"collection":[{"href":"https:\/\/tododescuento.cl\/web\/wp-json\/wp\/v2\/product"}],"about":[{"href":"https:\/\/tododescuento.cl\/web\/wp-json\/wp\/v2\/types\/product"}],"replies":[{"embeddable":true,"href":"https:\/\/tododescuento.cl\/web\/wp-json\/wp\/v2\/comments?post=7065"}],"wp:featuredmedia":[{"embeddable":true,"href":"https:\/\/tododescuento.cl\/web\/wp-json\/wp\/v2\/media\/369"}],"wp:attachment":[{"href":"https:\/\/tododescuento.cl\/web\/wp-json\/wp\/v2\/media?parent=7065"}],"wp:term":[{"taxonomy":"product_brand","embeddable":true,"href":"https:\/\/tododescuento.cl\/web\/wp-json\/wp\/v2\/product_brand?post=7065"},{"taxonomy":"product_cat","embeddable":true,"href":"https:\/\/tododescuento.cl\/web\/wp-json\/wp\/v2\/product_cat?post=7065"},{"taxonomy":"product_tag","embeddable":true,"href":"https:\/\/tododescuento.cl\/web\/wp-json\/wp\/v2\/product_tag?post=7065"}],"curies":[{"name":"wp","href":"https:\/\/api.w.org\/{rel}","templated":true}]}}

<div class="woocommerce-tabs wc-tabs-wrapper">
<div id="tab-description" class="woocommerce-Tabs-panel woocommerce-Tabs-panel--description panel entry-content wc-tab" role="tabpanel" aria-labelledby="tab-title-description">
<p><strong>Características generales:</strong></p>
<ul>
<li>Tapa doble de vidrio (termopanel) curvo para mejor exposición de productos<br />
<b></b></li>
<li>Marco del cristal de color gris</li>
<li>iluminación LED.</li>
<li>Panel de control frontal con termostato de regulación<br />
<b></b></li>
<li>Ruedas Para Fácil Desplazamiento</li>
<li>7 Canastillos</li>
</ul>
<p><strong>Especificaciones técnicas:</strong></p>
<ul>
<li>Capacidad 720Lts</li>
<li>Sistema de refrigeración estático por convección natural.</li>
<li>Temperatura de congelados: -14ºC a -18ºC</li>
<li class="descripcion noMargin">Control electrónico de temperatura, con descongelamiento manual.</li>
<li>Alimentación Eléctrica 220V/50Hz.</li>
<li>Consumo eléctrico: 0,52 Kw.</li>
<li>Dimensiones 2000 x 680 x 850 mm.</li>
</ul>
</div>
</div>

<p><strong>Sistema de refrigeración convección natural. Control de Tº por termostato ajustable. Refrigerante ecológico sin CFC ni FCKW. Cuerpo profundo para mayor capacidad de almacenaje. 2 puertas de corredera con llave. 7 canastillo de almacenaje removible. Interior blanco Base con ruedas. Congelador industrial para uso comercial.</strong></p>
